{"id":1111,"date":"2020-11-25T08:21:09","date_gmt":"2020-11-25T07:21:09","guid":{"rendered":"https:\/\/xn--fluorfreie-schaumfeuerlscher-p2c.ch\/?page_id=1111"},"modified":"2021-10-26T13:58:52","modified_gmt":"2021-10-26T12:58:52","slug":"haushalts-schaum-feuerloescher-9-liter","status":"publish","type":"page","link":"https:\/\/xn--fluorfreie-schaumfeuerlscher-p2c.ch\/index.php\/einsatzmoeglichkeiten\/haushalts-feuerloescher\/haushalts-schaum-feuerloescher-9-liter\/","title":{"rendered":"Fluorfreie Schaum-Feuerl\u00f6scher 9 Liter f\u00fcr den Haushalt"},"content":{"rendered":"<div data-colibri-id=\"1111-c1\" class=\"style-623 style-local-1111-c1 position-relative\">\n  <!---->\n  <div data-colibri-component=\"section\" data-colibri-id=\"1111-c2\" id=\"initial-content\" class=\"h-section h-section-global-spacing d-flex align-items-lg-center align-items-md-center align-items-center style-624 style-local-1111-c2 position-relative\">\n    <!---->\n    <!---->\n    <div class=\"h-section-grid-container h-section-boxed-container\">\n      <!---->\n      <div data-colibri-id=\"1111-c3\" class=\"h-row-container gutters-row-lg-2 gutters-row-md-2 gutters-row-0 gutters-row-v-lg-2 gutters-row-v-md-2 gutters-row-v-2 style-625 style-local-1111-c3 position-relative\">\n        <!---->\n        <div class=\"h-row justify-content-lg-center justify-content-md-center justify-content-center align-items-lg-stretch align-items-md-stretch align-items-stretch gutters-col-lg-2 gutters-col-md-2 gutters-col-0 gutters-col-v-lg-2 gutters-col-v-md-2 gutters-col-v-2\">\n          <!---->\n          <div class=\"h-column h-column-container d-flex h-col-auto style-626-outer style-local-1111-c4-outer\">\n            <div data-colibri-id=\"1111-c4\" class=\"d-flex h-flex-basis h-column__inner h-px-lg-2 h-px-md-2 h-px-2 v-inner-lg-2 v-inner-md-2 v-inner-2 style-626 style-local-1111-c4 position-relative\">\n              <!---->\n              <!---->\n              <div class=\"w-100 h-y-container h-column__content h-column__v-align flex-basis-100 align-self-lg-start align-self-md-start align-self-start\">\n                <!---->\n                <div data-colibri-id=\"1111-c5\" class=\"d-block style-627 style-local-1111-c5 position-relative h-element\">\n                  <!---->\n                  <div class=\"h-image__frame-container-outer\">\n                    <div class=\"h-image__frame-container\">\n                      <!---->\n                      <!---->\n                      <img loading=\"lazy\" decoding=\"async\" width=\"352\" height=\"600\" src=\"https:\/\/xn--fluorfreie-schaumfeuerlscher-p2c.ch\/wp-content\/uploads\/2020\/11\/cropped-SB9851000-1.jpg\" class=\"wp-image-1159 style-627-image style-local-1111-c5-image\" alt=\"\" srcset=\"https:\/\/xn--fluorfreie-schaumfeuerlscher-p2c.ch\/wp-content\/uploads\/2020\/11\/cropped-SB9851000-1.jpg 352w, https:\/\/xn--fluorfreie-schaumfeuerlscher-p2c.ch\/wp-content\/uploads\/2020\/11\/cropped-SB9851000-1-176x300.jpg 176w\" sizes=\"auto, (max-width: 352px) 100vw, 352px\" \/>\n                      <div class=\"h-image__frame h-hide-lg h-hide-md h-hide-sm style-627-frameImage style-local-1111-c5-frameImage\"><\/div>\n                    <\/div>\n                  <\/div>\n                <\/div>\n              <\/div>\n            <\/div>\n          <\/div>\n        <\/div>\n      <\/div>\n    <\/div>\n  <\/div>\n  <div data-colibri-component=\"section\" data-colibri-id=\"1111-c6\" id=\"custom-3\" class=\"h-section h-section-global-spacing d-flex align-items-lg-center align-items-md-center align-items-center style-637 style-local-1111-c6 position-relative\">\n    <!---->\n    <!---->\n    <div class=\"h-section-grid-container h-section-boxed-container\">\n      <!---->\n      <div data-colibri-id=\"1111-c17\" class=\"h-row-container gutters-row-lg-2 gutters-row-md-2 gutters-row-0 gutters-row-v-lg-2 gutters-row-v-md-2 gutters-row-v-2 style-652 style-local-1111-c17 position-relative\">\n        <!---->\n        <div class=\"h-row justify-content-lg-center justify-content-md-center justify-content-center align-items-lg-stretch align-items-md-stretch align-items-stretch gutters-col-lg-2 gutters-col-md-2 gutters-col-0 gutters-col-v-lg-2 gutters-col-v-md-2 gutters-col-v-2\">\n          <!---->\n          <div class=\"h-column h-column-container d-flex h-col-lg-auto h-col-md-auto h-col-auto style-653-outer style-local-1111-c18-outer\">\n            <div data-colibri-id=\"1111-c18\" class=\"d-flex h-flex-basis h-column__inner h-px-lg-2 h-px-md-2 h-px-2 v-inner-lg-2 v-inner-md-2 v-inner-2 style-653 style-local-1111-c18 position-relative\">\n              <!---->\n              <!---->\n              <div class=\"w-100 h-y-container h-column__content h-column__v-align flex-basis-100 align-self-lg-start align-self-md-start align-self-start\">\n                <!---->\n                <div data-colibri-id=\"1111-c19\" class=\"h-text h-text-component style-641 style-local-1111-c19 position-relative h-element\">\n                  <!---->\n                  <!---->\n                  <div class=\"\">\n                    <h2><strong>Fluorfreie Schaum-Feuerl\u00f6scher&nbsp;9 Liter, 100% Umweltfreundlich<\/strong><\/h2>\n                    <p>Umweltfreundlich, Innovativ, zuverl\u00e4ssig und sehr einfach zu bedienen: Der&nbsp;<strong style=\"font-weight: 700;\">Fluorfreie Schaum-Feuerl\u00f6scher&nbsp;9 Liter<\/strong>&nbsp;mit&nbsp;GREEN L\u00f6schmittel&nbsp;S9JX&nbsp;Green E&nbsp;43&nbsp;mit&nbsp;9\n                      Liter Inhalt eignet sich&nbsp;sehr gut&nbsp;im Privathaushalt und&nbsp;im Gewerbe,&nbsp;in Verkaufsfl\u00e4chen und&nbsp;in der&nbsp;Industrie.&nbsp;Das Fluor und L\u00f6semittelfreie L\u00f6schmittel, das sich \u00e4usserst gezielt dosieren l\u00e4sst,\n                      bildet auf der Oberfl\u00e4che des Brandgutes einen geschlossenen und dampfdichten Wasserfilm auch bei brennenden Fl\u00fcssigkeiten. Diese Sperrschicht verhindert, dass D\u00e4mpfe und Gase austreten, was die Sauerstoffzufuhr zum Brandgut unterbindet\n                      und das Feuer erstickt. Zudem k\u00fchlt der Schaum aufgrund seines Wasseranteils. Bei einem Sicherheitsabstand von 1 Meter bek\u00e4mpft der&nbsp;Fluor und L\u00f6semittelfreie Schaum Feuerl\u00f6scher von Schweizer Brandschutz auch brennende elektrische\n                      Anlagen bis 1000 Volt. Wenn Sie sich f\u00fcr den Kauf eines fluorfreien Schaum-Feuerl\u00f6scher interessieren, dann kaufen Sie einen fluorfreien Schaum Feuerl\u00f6scher der auch im Test perfekt abgeschnitten hat. Bedenken Sie dabei, kaufen ist\n                      das eine, jeder Feuerl\u00f6scher ben\u00f6tigt aber auch eine regelm\u00e4ssige Wartung. Wir von Schweizer Brandschutz beraten Sie auch nach dem kaufen, Sie k\u00f6nnen uns jederzeit erreichen f\u00fcr Fragen f\u00fcr Fragen \u00fcber Ihren Feuerl\u00f6scher.<\/p>\n                    <h3><strong>Was zeichnet Fluorfreie Schaum-Feuerl\u00f6scher&nbsp;9 Liter mit GREEN Foam aus?<\/strong><\/h3>\n                    <p>Nun ist es uns gelungen, auf Fluor in unseren Schauml\u00f6schern der Serie GREEN komplett zu verzichten. Dar\u00fcber hinaus enthalten diese L\u00f6scher absolut keine L\u00f6sungsmittel mehr. Nach derzeitigen wissenschaftlichen Erkenntnissen, handelt\n                      es sich hier um ein Schauml\u00f6schmittel, welches bedenkenlos im Kampf der Brandklassen A und B und sogar bei polaren Br\u00e4nden eingesetzt werden kann. Damit ist sein Einsatzspektrum sehr breit gef\u00e4chert bei gleichzeitig sehr geringer\n                      Auswirkung auf die Umwelt. So setzen wir im Bereich der Aufladetechnik ganz neue Massst\u00e4be \u2013 und das Made in Germany. Unser Umweltgedanke endet noch lange nicht beim Produkt: Ein sparsamer Einsatz von Papier, eine energiebewusste\n                      und umweltschonende Produktion sowie ein reduzierter Einsatz von Verpackungsmaterial und eine m\u00f6glichst hohe Wiederverwertbarkeit unseres Produktes sind ebenfalls Kriterien, welche immer wieder gepr\u00fcft und verbessert werden und damit\n                      fester Teil unseres Beitrags zum nachhaltigen Handeln sind; F\u00fcr unsere Erde und damit die Zukunft unserer Kinder und Enkel. Tun auch Sie der Umwelt gutes, indem Sie Fluorfreie Schaum-Feuerl\u00f6scher&nbsp;9 Liter einsetzen. Das L\u00f6schmittel\n                      JoMix AB AR GREEN kommt komplett ohne Fluorbestandteile und L\u00f6sungsmittel aus. Es besteht fast zu 100% aus nat\u00fcrlich Rohstoffen. Das L\u00f6schmittel ist weder persistent, bioakkumulierend oder toxisch. Da der AB-L\u00f6scher sowohl bei unpolaren\n                      als auch polaren Br\u00e4nden eingesetzt werden kann, ist er vor allem dann ideal, wenn der Anwender \u00fcber die Art der brennenden Fl\u00fcssigkeiten oder deren Gemische keine 100%ige Gewissheit hat. Bei der perfekten Abstimmung von Technik\n                      und L\u00f6schmittel spielt die Schaumd\u00fcse eine essentielle Rolle. Als innovative Venturi-D\u00fcse designt saugt die innovative Jockel-Schaumd\u00fcse Luft aus der Umgebung an und verwirbelt diese mit dem L\u00f6schmittel. Ein besonders dichter Schaumteppich\n                      entsteht und schlie\u00dft den Sauerstoff vom Brandherd ab, so dass der Brand erl\u00f6scht.<\/p>\n                    <h4><strong>Einsatzbereich des Feuerl\u00f6scher<\/strong><\/h4>\n                    <p>Fluorfreie Schaum-Feuerl\u00f6scher&nbsp;9 Liter mit&nbsp;GREEN L\u00f6schmittel in der Gr\u00f6sse von 6 Liter k\u00f6nnen im Gewerbe, Industrie und in der Werkstatt eingesetzt werden. Fluorfreie Schaum-Feuerl\u00f6scher&nbsp;9 Liter mit&nbsp;GREEN L\u00f6schmittel\n                      ist ebenb\u00fcrtig mit einem Pulver-Feuerl\u00f6scher, was die L\u00f6schleistung betrifft. Im weiteren sind Fluorfreie Schaum-Feuerl\u00f6scher&nbsp;9 Liter mit&nbsp;GREEN L\u00f6schmittel was die Verschmutzung anbelangt, sehr angenehm. Diese Feuerl\u00f6schger\u00e4te\n                      werden auch Luftschaum-Feuerl\u00f6scher, AFFF, Lightwater-Feuerl\u00f6scher, Spr\u00fchschaum-Feuerl\u00f6scher genannt.<\/p>\n                  <\/div>\n                <\/div>\n              <\/div>\n            <\/div>\n          <\/div>\n        <\/div>\n      <\/div>\n      <div data-colibri-id=\"1111-c20\" class=\"h-row-container gutters-row-lg-2 gutters-row-md-2 gutters-row-0 gutters-row-v-lg-2 gutters-row-v-md-2 gutters-row-v-2 style-656 style-local-1111-c20 position-relative\">\n        <!---->\n        <div class=\"h-row justify-content-lg-center justify-content-md-center justify-content-center align-items-lg-stretch align-items-md-stretch align-items-stretch gutters-col-lg-2 gutters-col-md-2 gutters-col-0 gutters-col-v-lg-2 gutters-col-v-md-2 gutters-col-v-2\">\n          <!---->\n          <div class=\"h-column h-column-container d-flex h-col-lg-auto h-col-md-auto h-col-auto style-657-outer style-local-1111-c21-outer\">\n            <div data-colibri-id=\"1111-c21\" class=\"d-flex h-flex-basis h-column__inner h-px-lg-2 h-px-md-2 h-px-2 v-inner-lg-2 v-inner-md-2 v-inner-2 style-657 style-local-1111-c21 position-relative\">\n              <!---->\n              <!---->\n              <div class=\"w-100 h-y-container h-column__content h-column__v-align flex-basis-100 align-self-lg-start align-self-md-start align-self-start\">\n                <!---->\n                <div data-colibri-id=\"1111-c22\" class=\"h-x-container style-654 style-local-1111-c22 position-relative h-element\">\n                  <!---->\n                  <div class=\"h-x-container-inner style-dynamic-1111-c22-group style-654-spacing style-local-1111-c22-spacing\"><span class=\"h-button__outer style-655-outer style-local-1111-c23-outer d-inline-flex h-element\"><a h-use-smooth-scroll=\"true\" href=\"https:\/\/www.schweizer-brandschutz.ch\/Fluorfreie-Schaum-Feuerloescher-9-Liter-S9-JX-Green-E-43\"  data-colibri-id=\"1111-c23\" class=\"d-flex w-100 align-items-center h-button justify-content-lg-center justify-content-md-center justify-content-center style-655 style-local-1111-c23 position-relative\"><!----><!----> <span>Hier gehts zum Online Shop<\/span><\/a>\n                    <\/span>\n                  <\/div>\n                <\/div>\n              <\/div>\n            <\/div>\n          <\/div>\n        <\/div>\n      <\/div>\n    <\/div>\n  <\/div>\n<\/div>","protected":false},"excerpt":{"rendered":"<p>Fluorfreie Schaum-Feuerl\u00f6scher&nbsp;9 Liter, 100% Umweltfreundlich Umweltfreundlich, Innovativ, zuverl\u00e4ssig und sehr einfach zu bedienen: Der&nbsp;Fluorfreie Schaum-Feuerl\u00f6scher&nbsp;9 Liter&nbsp;mit&nbsp;GREEN L\u00f6schmittel&nbsp;S9JX&nbsp;Green E&nbsp;43&nbsp;mit&nbsp;9 Liter Inhalt eignet sich&nbsp;sehr gut&nbsp;im Privathaushalt und&nbsp;im Gewerbe,&nbsp;in Verkaufsfl\u00e4chen und&nbsp;in der&nbsp;Industrie.&nbsp;Das Fluor und L\u00f6semittelfreie L\u00f6schmittel, das sich \u00e4usserst gezielt dosieren l\u00e4sst, bildet auf der Oberfl\u00e4che des Brandgutes einen geschlossenen und dampfdichten Wasserfilm auch bei brennenden Fl\u00fcssigkeiten. Diese [&hellip;]<\/p>\n","protected":false},"author":3,"featured_media":0,"parent":1103,"menu_order":3,"comment_status":"closed","ping_status":"closed","template":"page-templates\/full-width-page.php","meta":{"footnotes":""},"class_list":["post-1111","page","type-page","status-publish","hentry"],"aioseo_notices":[],"_links":{"self":[{"href":"https:\/\/xn--fluorfreie-schaumfeuerlscher-p2c.ch\/index.php\/wp-json\/wp\/v2\/pages\/1111","targetHints":{"allow":["GET"]}}],"collection":[{"href":"https:\/\/xn--fluorfreie-schaumfeuerlscher-p2c.ch\/index.php\/wp-json\/wp\/v2\/pages"}],"about":[{"href":"https:\/\/xn--fluorfreie-schaumfeuerlscher-p2c.ch\/index.php\/wp-json\/wp\/v2\/types\/page"}],"author":[{"embeddable":true,"href":"https:\/\/xn--fluorfreie-schaumfeuerlscher-p2c.ch\/index.php\/wp-json\/wp\/v2\/users\/3"}],"replies":[{"embeddable":true,"href":"https:\/\/xn--fluorfreie-schaumfeuerlscher-p2c.ch\/index.php\/wp-json\/wp\/v2\/comments?post=1111"}],"version-history":[{"count":5,"href":"https:\/\/xn--fluorfreie-schaumfeuerlscher-p2c.ch\/index.php\/wp-json\/wp\/v2\/pages\/1111\/revisions"}],"predecessor-version":[{"id":1385,"href":"https:\/\/xn--fluorfreie-schaumfeuerlscher-p2c.ch\/index.php\/wp-json\/wp\/v2\/pages\/1111\/revisions\/1385"}],"up":[{"embeddable":true,"href":"https:\/\/xn--fluorfreie-schaumfeuerlscher-p2c.ch\/index.php\/wp-json\/wp\/v2\/pages\/1103"}],"wp:attachment":[{"href":"https:\/\/xn--fluorfreie-schaumfeuerlscher-p2c.ch\/index.php\/wp-json\/wp\/v2\/media?parent=1111"}],"curies":[{"name":"wp","href":"https:\/\/api.w.org\/{rel}","templated":true}]}}